- 14*m + 20. Let w be j(-15). Suppose 4 = -4*f, 0 = -w*i + 2*f + 198 - 61. Let a = i - 15. List the prime factors of a.
2, 3
Let i be (-21)/14 - (-2)/(-4). Let u be 32 - 5 - (2 + i). Suppose -4*r + 3*w + 18 = -r, 2*r - u = -3*w. List the prime factors of r.
3
Suppose -22 = 4*u + 2*i, -2*u - 2*i - 2 = -3*u. Suppose k - 6 = o - 5*o, 0 = 3*o + 4*k - 11. Let p = o - u. List the prime factors of p.
5
Let f = 517 + -75. List the prime factors of f.
2, 13, 17
Suppose 3*k - 10199 = 15*p - 19*p, -4*k = -3*p + 7643. List the prime factors of p.
2549
Let g(p) = 4*p**2 + 6*p - 9. Let i be g(-4). Let z = -15 + i. Suppose 3*m - 4*m + z = 0. List the prime factors of m.
2
Let d be 14/91 - (-2)/(-13). Suppose -4*w + 51 = 5*c, 5*c + 3*w + 0*w - 47 = d. Let m = c - -14. What are the prime factors of m?
3, 7
Let l = 74 + -103. Let d = 31 + l. Suppose 0 = -5*p + y + 29, d*p - 1 - 9 = 2*y. List the prime factors of p.
2, 3
What are the prime factors of 3504 + 11 - (-2)/((-10)/15)?
2, 439
Let k = 340 + -146. Suppose -u + 112 + k = 0. List the prime factors of u.
2, 3, 17
Suppose -18*w = -16*w - 230. Suppose 4*k - w = 145. List the prime factors of k.
5, 13
Let a be -24*((-28)/12 - -2). Let c = 2 - a. Let y(j) = -j**3 - 4*j**2 + 7*j + 6. List the prime factors of y(c).
2, 3
Let b(u) be the second derivative of -u**3/3 + 7*u**2/2 + 38*u. List the prime factors of b(-3).
13
Let a(c) = -102*c - 112. What are the prime factors of a(-8)?
2, 11
Let z = 149 + 113. List the prime factors of z.
2, 131
Let c(o) = 0*o**2 + o + 11*o + o**2 - 2. Let w(m) = -m**2 + 6*m + 2. Let y be w(8). List the prime factors of c(y).
2, 13
Let t(z) = 16*z**3 + 36 - 36 - z**2. Let a be t(1). Let v = a - 6. List the prime factors of v.
3
Suppose 7*n - 2*n + 40 = 0. Let x(w) = 5 - w**3 - 9*w + 0*w + 8*w - 8*w**2 - 1. List the prime factors of x(n).
2, 3
List the prime factors of 8950/40 + 12/(-16).
223
Let z = 3 - 0. Suppose -z*b - b = -40. Suppose 2 = -4*x + b. What are the prime factors of x?
2
Suppose 31*v - 21*v - 14220 = 0. List the prime factors of v.
2, 3, 79
Suppose -2*x + d = 0, 0 = -3*x + 5*d - 0*d. Suppose -2*a - 5*p + 12 = x, 0 = -3*a - 6*p + 4*p + 29. Let c = a + -7. What are the prime factors of c?
2
Suppose 0 = -2*o + 3*d + 45, -12 = 2*o - 5*d - 67. Suppose 4*s - f + 54 = -s, -4*f = -3*s - 46. Let v = o + s. List the prime factors of v.
5
Let b = 3242 + -2001. What are the prime factors of b?
17, 73
Suppose 0 = 15*v - 9*v - 24. Suppose v*i + 10 - 26 = 0. What are the prime factors of i?
2
Suppose 3*j = c - 282, -2*j - 244 - 39 = -c. What are the prime factors of c?
3, 5, 19
Let j be ((-8)/(-10))/((-5)/(-575)). Let x = 130 - j. What are the prime factors of x?
2, 19
Let z be 6*(-8)/(-12) - -49. Suppose a - t = t + z, -3*t = 2*a - 134. List the prime factors of a.
61
Suppose 10 = 5*k + 30. Let d be (-16)/4*(-2)/k. What are the prime factors of 28 + (0 - 4 - d)?
2, 13
Suppose s + 11*g = 6*g + 75, -4*g - 122 = -2*s. List the prime factors of s.
5, 13
Let a be ((-1)/(-2))/((-11)/528). Let i = a - -31. What are the prime factors of i?
7
Suppose 9*s - 6*s = 111. Suppose 0 = -8*u - s + 1069. List the prime factors of u.
3, 43
Let j(g) = -2*g - 4. Let p be j(-5). Suppose -2*b = -p - 12. List the prime factors of b.
3
Suppose 5*t - 2*d - 24 = 6, -5*t - 4*d = -30. Suppose t = v + v. Suppose -l = -3*g + 26, 0 = 2*g - v*l - 2 - 13. What are the prime factors of g?
3
Suppose 2*p - 2812 = 2*h, -5*p + 3786 = -2*h - 3250. Suppose 0 = 10*c - 2*c - p. List the prime factors of c.
2, 11
Suppose -27*n + 51299 = -31753. List the prime factors of n.
2, 769
Let x(z) = z**3 - 13*z**2 + 3*z + 6. Let c be x(13). Suppose -4*u = -c - 19. List the prime factors of u.
2
Let h be (-11)/(-1) - (2 + -5). Suppose -2*w + h = -0*d - 4*d, -w = -5. What are the prime factors of ((-110)/(-30))/(d/(-3))?
11
Let m(q) = -49*q**2 + q. Let k be m(-1). Let s = k + 126. Suppose 4*z + 5*h - h = s, 3*h = -2*z + 34. What are the prime factors of z?
23
Let h = 1040 - 980. What are the prime factors of h?
2, 3, 5
Let b be (-4)/(-14) + (0 - 95/(-35)). Let k(x) = 4*x**2 + 7*x - 5. List the prime factors of k(b).
2, 13
Let s be (-1)/2 + 44/8. Suppose s*q - 102 = 3*j, -q + 5*j - 2 + 18 = 0. List the prime factors of q.
3, 7
Let n(w) = 18*w - 1. Let d = 3 - 1. Let b = -1 + d. What are the prime factors of n(b)?
17
Let o = -439 - -966. List the prime factors of o.
17, 31
Let f = 5 + -6. Let j(l) = -14*l - 2. What are the prime factors of j(f)?
2, 3
Let u(j) = 18*j**2 + 25*j - 100. List the prime factors of u(14).
2, 1889
Let a = 628 + 767. What are the prime factors of a?
3, 5, 31
What are the prime factors of -1 - 0 - (-8)/((-48)/(-5658))?
2, 3, 157
Let u = 13 - 11. Let y be u/9 - 33/27. Let g = y + 32. List the prime factors of g.
31
Suppose 2*x + 118 = 3*s, -9*s + 5*s = 2*x + 146. Suppose -5*j + 145 = -5*c, 3*c + 99 = j + 20. Let n = c - x. List the prime factors of n.
2, 5
Suppose -5*p = -4*p - 571. Suppose -2*k = 4*z - 284, p = 4*k - 2*z - 7. What are the prime factors of ((-4)/6)/((-4)/k)?
2, 3
Let a(o) = 10*o**3 + 4*o**2 + 14*o - 45. List the prime factors of a(3).
3, 101
Let q(r) = -r**3 + 40*r**2 + 49*r + 76. List the prime factors of q(41).
2, 101
Let t be ((-6)/(-4))/(6/16). Suppose -t - 11 = 5*n, 5*x + 3*n = 1201. What are the prime factors of x?
2, 11
Suppose 7489 = 6*w - 3335. What are the prime factors of w?
2, 11, 41
Let d be (-3)/(-6) - (-1534)/4. Suppose d = -4*j + 10*j. What are the prime factors of j?
2
Let v be (-7)/4*20/(-1). Let c = -24 - -27. Suppose 5*h - v = -3*y, 3*y - c*h = -46 + 121. What are the prime factors of y?
2, 5
Suppose -12*r + 0*r = -72. Suppose 4*j - 4*v = 848, -2*j - 11*v + r*v = -410. What are the prime factors of j?
2, 3, 5, 7
List the prime factors of -10 + (-77)/(-11) - -331.
2, 41
Let n be ((-21)/7)/(1/2). Let s be -4 + 7 - n/2. Suppose 25 = 5*b, -w + s*b + 24 = b. What are the prime factors of w?
7
Let k = 13 + -11. Let z(h) = -2*h + k*h + 2*h**2 - h. What are the prime factors of z(-1)?
3
Suppose 0 = -5*v + y + 1535, -223 = -v - 4*y + 84. What are the prime factors of v?
307
Suppose -4*s + 9 = -3. Suppose -5*i - q = q - 377, 0 = -3*i - s*q + 219. List the prime factors of i.
7, 11
Let k = 0 - -429. List the prime factors of k.
3, 11, 13
Let l = 7310 + -4583. List the prime factors of l.
3, 101
Let z = 1307 + -766. List the prime factors of z.
541
Suppose -2*a + 342 + 2632 = 0. Suppose 7*t = 172 + a. What are the prime factors of t?
3, 79
Suppose -942 = 67*m - 69*m. List the prime factors of m.
3, 157
Suppose -2*a = 2*a - 6184. What are the prime factors of a?
2, 773
Let d = 32 + 573. List the prime factors of d.
5, 11
Let f be 3/(-3)*(0 + -9). Let q be -2 - (f/(-3) + -2). What are the prime factors of 34 - (-15 + q)/(-4)?
31
Suppose -5*j + 10 = -5*c, -c + 6 + 7 = 4*j. List the prime factors of ((-24)/(-15) - (1 + c))*-60.
2, 3
Suppose -14*c = -c - 5369. List the prime factors of c.
7, 59
Let o be 984/(1*(3/(-2) - -3)). Let y = o - 460. List the prime factors of y.
2, 7
Let k be (-3 - -9)/(3/2). Let d(i) = -i**2 - 2*i - 6. Let p be d(0). What are the prime factors of p*8*(k - 5)?
2, 3
Let m = -10 + 13. Let d be (m - 24/4) + -23. Let a = 31 + d. What are the prime factors of a?
5
List the prime factors of 1425*(-17)/((-102)/8).
2, 5, 19
Suppose 3*x - 540 = 9723. List the prime factors of x.
11, 311
Let w(f) = f**3 - 11*f**2 - 11*f - 8. Let i be w(12). Let j be (-3 + 0)/((-3)/i). List the prime factors of j/3*30/4.
2, 5
Let b = 1205 + 1219. What are the prime factors of b?
2, 3, 101
Let q(w) = w - 1. Let p(v) = 8*v**2 - 8*v - 7. Let l(x) = p(x) - 5*q(x). Let t be 40/25*(-4)/(16/(-10)). List the prime factors of l(t).
2, 37
Suppose 0 = -2*u - 12*x + 10*x + 1386, -4*x = 4. What are the prime factors of u?
2, 347
Let r(h) = -8*h - 3. Let q be r(-1). Suppose 0 = 5*k, 0*k + q*k = -5*p. Suppose p = -2*t + 3*w + 21, -5*w = -5*t - 8 + 48. What are the prime factors of t?
3
Let q be (2 - -54)/(1/3). Suppose -g - 866 = -5*t, -t + q = -0*t + 5*g. What are the prime factors of t?
173
Suppose 7 + 7 = 3*t + 2*j, -3*t = -3*j - 24. Suppose -l = -5*f - 98, -t*f - 96 = -l - 2*f. Let r = l + -39. List the prime factors of r.
7
Let o be (-5)/(75/(-573)) + (-1)/5. Let x = 40 + o. List the prime factors of x.
2